{"id":3492,"date":"2025-07-03T14:10:19","date_gmt":"2025-07-03T12:10:19","guid":{"rendered":"https:\/\/www.schoeller-forschungszentrum.rw.fau.de\/?page_id=3492"},"modified":"2025-07-03T14:10:19","modified_gmt":"2025-07-03T12:10:19","slug":"advisory-board","status":"publish","type":"page","link":"https:\/\/www.schoeller-forschungszentrum.de\/en\/advisory-board\/","title":{"rendered":"Advisory Board"},"content":{"rendered":"<div id=\"c65\" class=\"csc-default\">\n<div id=\"c66\" class=\"csc-default\">\n<div id=\"c65\" class=\"csc-default\">\n<div><img loading=\"lazy\" decoding=\"async\" class=\"alignnone wp-image-872\" src=\"https:\/\/www.schoeller-forschungszentrum.rw.fau.de\/files\/2018\/05\/Beckstein.jpg\" alt=\"\" \/><\/div>\n<div><strong>Dr. G\u00fcnther Beckstein<\/strong><\/div>\n<div>Former Minister-President of Bavaria<\/div>\n<div>Ambassador of the <a href=\"https:\/\/www.schoeller-stiftungen.de\/\">Sch\u00f6ller-Foundations<\/a><\/div>\n<p>&nbsp;<\/p>\n<div id=\"c65\" class=\"csc-default\">\n<div id=\"c66\" class=\"csc-default\">\n<div id=\"c65\" class=\"csc-default\">\n<div><img loading=\"lazy\" decoding=\"async\" class=\"alignnone wp-image-111 size-medium\" src=\"https:\/\/www.schoeller-forschungszentrum.rw.fau.de\/files\/2018\/05\/Hattenberger.jpg\" alt=\"\" \/><\/div>\n<div><strong>Rainer Hattenberger<\/strong><\/div>\n<div>Head of the <a href=\"https:\/\/www.schoeller-stiftungen.de\/\">Sch\u00f6ller-Foundations<\/a><\/div>\n<\/div>\n<p>&nbsp;<\/p>\n<div id=\"c65\" class=\"csc-default\">\n<div id=\"c66\" class=\"csc-default\">\n<div id=\"c65\" class=\"csc-default\">\n<div><img loading=\"lazy\" decoding=\"async\" class=\"alignnone wp-image-872\" src=\"https:\/\/www.schoeller-forschungszentrum.rw.fau.de\/files\/2025\/03\/Hornegger.jpg\" alt=\"\" data-wp-editing=\"1\" \/><\/div>\n<div><strong>Prof. Dr.-Ing. Joachim Hornegger <\/strong><\/div>\n<div>President of <a href=\"https:\/\/www.fau.eu\/\">FAU Erlangen-N\u00fcrnberg<\/a><\/div>\n<div><em>Image: FAU\/Anna Tiessen<\/em><\/div>\n<p>&nbsp;<\/p>\n<div id=\"c65\" class=\"csc-default\">\n<div id=\"c66\" class=\"csc-default\">\n<div id=\"c65\" class=\"csc-default\">\n<div><img loading=\"lazy\" decoding=\"async\" class=\"alignnone wp-image-872\" src=\"https:\/\/www.schoeller-forschungszentrum.rw.fau.de\/files\/2018\/05\/Kempf.jpg\" alt=\"\" \/><\/div>\n<div><strong>Prof. Dieter Kempf <\/strong><\/div>\n<div>Former President of the <a href=\"https:\/\/english.bdi.eu\/bdi\/organisation\/presidential-board\/\">Federation of German Industries (BDI)<\/a><\/div>\n<div>Honorary Professor Emeritus of <a href=\"https:\/\/www.fau.eu\/\">FAU Erlangen-N\u00fcrnberg<\/a><\/div>\n<p>&nbsp;<\/p>\n<div id=\"c65\" class=\"csc-default\">\n<div id=\"c66\" class=\"csc-default\">\n<div id=\"c65\" class=\"csc-default\">\n<div><img loading=\"lazy\" decoding=\"async\" class=\"alignnone wp-image-872\" src=\"https:\/\/www.schoeller-forschungszentrum.rw.fau.de\/files\/2018\/05\/Loetzsch-282x300.jpg\" alt=\"\" \/><\/div>\n<div><strong>Markus L\u00f6tzsch <\/strong><\/div>\n<div>Chief Executive Officer of the <a href=\"https:\/\/www.ihk-nuernberg.de\/sites\/en\/\">Nuremberg Chamber of Commerce and Industry<\/a><\/div>\n<p>&nbsp;<\/p>\n<div id=\"c65\" class=\"csc-default\">\n<div id=\"c66\" class=\"csc-default\">\n<div id=\"c65\" class=\"csc-default\">\n<div><img loading=\"lazy\" decoding=\"async\" class=\"alignnone wp-image-872\" src=\"https:\/\/www.schoeller-forschungszentrum.rw.fau.de\/files\/2018\/05\/Osterloh-300x294.jpg\" alt=\"\" \/><\/div>\n<div><strong>Prof. Dr. Dr. h.c. Margit Osterloh<\/strong><\/div>\n<div>Research Director of <a href=\"http:\/\/www.crema-research.ch\/\">CREMA<\/a><\/div>\n<p>&nbsp;<\/p>\n<div id=\"c65\" class=\"csc-default\">\n<div id=\"c66\" class=\"csc-default\">\n<div id=\"c65\" class=\"csc-default\">\n<div><img loading=\"lazy\" decoding=\"async\" class=\"alignnone wp-image-111 size-medium\" src=\"https:\/\/www.schoeller-forschungszentrum.rw.fau.de\/files\/2018\/05\/Probst.jpg\" alt=\"\" \/><\/div>\n<div><strong>Dr.-Ing. Klaus Probst<\/strong><\/div>\n<div>Former CEO of <a href=\"https:\/\/www.leoni.com\/en\/\">LEONI AG<\/a><\/div>\n","protected":false},"excerpt":{"rendered":"<p>Dr. G\u00fcnther Beckstein Former Minister-President of Bavaria Ambassador of the Sch\u00f6ller-Foundations &nbsp; Rainer Hattenberger Head of the Sch\u00f6ller-Foundations &nbsp; Prof. Dr.-Ing. Joachim Hornegger President of FAU Erlangen-N\u00fcrnberg Image: FAU\/Anna Tiessen &nbsp; Prof. Dieter Kempf Former President of the Federation of German Industries (BDI) Honorary Professor Emeritus of FAU Erlangen-N\u00fcrnberg &nbsp; Markus L\u00f6tzsch Chief Executive Officer [&hellip;]<\/p>\n","protected":false},"author":1408,"featured_media":0,"parent":0,"menu_order":0,"comment_status":"closed","ping_status":"closed","template":"","meta":{"_rrze_cache":"enabled","_rrze_multilang_single_locale":"en_US","_rrze_multilang_single_source":"\/?page_id=93","footnotes":""},"page_category":[],"page_tag":[],"class_list":["post-3492","page","type-page","status-publish","hentry","en-US"],"_links":{"self":[{"href":"https:\/\/www.schoeller-forschungszentrum.de\/wp-json\/wp\/v2\/pages\/3492","targetHints":{"allow":["GET"]}}],"collection":[{"href":"https:\/\/www.schoeller-forschungszentrum.de\/wp-json\/wp\/v2\/pages"}],"about":[{"href":"https:\/\/www.schoeller-forschungszentrum.de\/wp-json\/wp\/v2\/types\/page"}],"author":[{"embeddable":true,"href":"https:\/\/www.schoeller-forschungszentrum.de\/wp-json\/wp\/v2\/users\/1408"}],"replies":[{"embeddable":true,"href":"https:\/\/www.schoeller-forschungszentrum.de\/wp-json\/wp\/v2\/comments?post=3492"}],"version-history":[{"count":1,"href":"https:\/\/www.schoeller-forschungszentrum.de\/wp-json\/wp\/v2\/pages\/3492\/revisions"}],"predecessor-version":[{"id":3493,"href":"https:\/\/www.schoeller-forschungszentrum.de\/wp-json\/wp\/v2\/pages\/3492\/revisions\/3493"}],"wp:attachment":[{"href":"https:\/\/www.schoeller-forschungszentrum.de\/wp-json\/wp\/v2\/media?parent=3492"}],"wp:term":[{"taxonomy":"page_category","embeddable":true,"href":"https:\/\/www.schoeller-forschungszentrum.de\/wp-json\/wp\/v2\/page_category?post=3492"},{"taxonomy":"page_tag","embeddable":true,"href":"https:\/\/www.schoeller-forschungszentrum.de\/wp-json\/wp\/v2\/page_tag?post=3492"}],"curies":[{"name":"wp","href":"https:\/\/api.w.org\/{rel}","templated":true}]}}

<div id="c65" class="csc-default">
<div id="c66" class="csc-default">
<div id="c65" class="csc-default">
<div><img loading="lazy" decoding="async" class="alignnone wp-image-872" src="https://www.schoeller-forschungszentrum.rw.fau.de/files/2018/05/Beckstein.jpg" alt="" /></div>
<div><strong>Dr. Günther Beckstein</strong></div>
<div>Former Minister-President of Bavaria</div>
<div>Ambassador of the <a href="https://www.schoeller-stiftungen.de/">Schöller-Foundations</a></div>
<p>&nbsp;</p>
<div id="c65" class="csc-default">
<div id="c66" class="csc-default">
<div id="c65" class="csc-default">
<div><img loading="lazy" decoding="async" class="alignnone wp-image-111 size-medium" src="https://www.schoeller-forschungszentrum.rw.fau.de/files/2018/05/Hattenberger.jpg" alt="" /></div>
<div><strong>Rainer Hattenberger</strong></div>
<div>Head of the <a href="https://www.schoeller-stiftungen.de/">Schöller-Foundations</a></div>
</div>
<p>&nbsp;</p>
<div id="c65" class="csc-default">
<div id="c66" class="csc-default">
<div id="c65" class="csc-default">
<div><img loading="lazy" decoding="async" class="alignnone wp-image-872" src="https://www.schoeller-forschungszentrum.rw.fau.de/files/2025/03/Hornegger.jpg" alt="" data-wp-editing="1" /></div>
<div><strong>Prof. Dr.-Ing. Joachim Hornegger </strong></div>
<div>President of <a href="https://www.fau.eu/">FAU Erlangen-Nürnberg</a></div>
<div><em>Image: FAU/Anna Tiessen</em></div>
<p>&nbsp;</p>
<div id="c65" class="csc-default">
<div id="c66" class="csc-default">
<div id="c65" class="csc-default">
<div><img loading="lazy" decoding="async" class="alignnone wp-image-872" src="https://www.schoeller-forschungszentrum.rw.fau.de/files/2018/05/Kempf.jpg" alt="" /></div>
<div><strong>Prof. Dieter Kempf </strong></div>
<div>Former President of the <a href="https://english.bdi.eu/bdi/organisation/presidential-board/">Federation of German Industries (BDI)</a></div>
<div>Honorary Professor Emeritus of <a href="https://www.fau.eu/">FAU Erlangen-Nürnberg</a></div>
<p>&nbsp;</p>
<div id="c65" class="csc-default">
<div id="c66" class="csc-default">
<div id="c65" class="csc-default">
<div><img loading="lazy" decoding="async" class="alignnone wp-image-872" src="https://www.schoeller-forschungszentrum.rw.fau.de/files/2018/05/Loetzsch-282x300.jpg" alt="" /></div>
<div><strong>Markus Lötzsch </strong></div>
<div>Chief Executive Officer of the <a href="https://www.ihk-nuernberg.de/sites/en/">Nuremberg Chamber of Commerce and Industry</a></div>
<p>&nbsp;</p>
<div id="c65" class="csc-default">
<div id="c66" class="csc-default">
<div id="c65" class="csc-default">
<div><img loading="lazy" decoding="async" class="alignnone wp-image-872" src="https://www.schoeller-forschungszentrum.rw.fau.de/files/2018/05/Osterloh-300x294.jpg" alt="" /></div>
<div><strong>Prof. Dr. Dr. h.c. Margit Osterloh</strong></div>
<div>Research Director of <a href="http://www.crema-research.ch/">CREMA</a></div>
<p>&nbsp;</p>
<div id="c65" class="csc-default">
<div id="c66" class="csc-default">
<div id="c65" class="csc-default">
<div><img loading="lazy" decoding="async" class="alignnone wp-image-111 size-medium" src="https://www.schoeller-forschungszentrum.rw.fau.de/files/2018/05/Probst.jpg" alt="" /></div>
<div><strong>Dr.-Ing. Klaus Probst</strong></div>
<div>Former CEO of <a href="https://www.leoni.com/en/">LEONI AG</a></div>

<p>Dr. Günther Beckstein Former Minister-President of Bavaria Ambassador of the Schöller-Foundations &nbsp; Rainer Hattenberger Head of the Schöller-Foundations &nbsp; Prof. Dr.-Ing. Joachim Hornegger President of FAU Erlangen-Nürnberg Image: FAU/Anna Tiessen &nbsp; Prof. Dieter Kempf Former President of the Federation of German Industries (BDI) Honorary Professor Emeritus of FAU Erlangen-Nürnberg &nbsp; Markus Lötzsch Chief Executive Officer [&hellip;]</p>
